 what is -1 + 59?
58
In base 15, what is 1d33 - 4?
1d2e
In base 11, what is -1 - a2a?
-a30
In base 2, what is -100 - 111110?
-1000010
In base 6, what is -32400 - -1?
-32355
In base 5, what is 3330 - 1?
3324
In base 3, what is 101000 + 2022?
110022
In base 8, what is -10 + -2247?
-2257
In base 13, what is 8 + -63?
-58
In base 11, what is 10 - 55?
-45
In base 13, what is 1 + 43?
44
In base 15, what is a8 - 5?
a3
In base 3, what is -12 - -102022202?
102022120
In base 8, what is -3 + -2540?
-2543
In base 3, what is 1 + -1222?
-1221
In base 14, what is -22 + -6a?
-8c
In base 12, what is 23 + 2?
25
In base 10, what is -26 + 12?
-14
In base 6, what is 420 + -1?
415
In base 6, what is -200 + -23?
-223
In base 5, what is 0 + 200?
200
In base 9, what is 4 + -25?
-21
In base 15, what is -1 + 2a?
29
In base 12, what is -1a - -15?
-5
In base 10, what is -42 - 4?
-46
In base 3, what is -10112 - -12?
-10100
In base 10, what is 1481 + 5?
1486
In base 2, what is -10001000 - -101?
-10000011
In base 16, what is -4 - 895?
-899
In base 15, what is -11d - 2?
-120
In base 14, what is 14314 - 3?
14311
In base 11, what is 32 - 4?
29
In base 14, what is -5b9d + -5?
-5ba4
In base 15, what is 5 - ca?
-c5
In base 15, what is -4 - 6d?
-72
In base 15, what is 3 - 10?
-c
In base 6, what is 114 - -151?
305
In base 8, what is -4 - -121?
115
In base 9, what is -1 - -3?
2
In base 4, what is 2331 - -11?
3002
In base 14, what is 99 + -d?
8a
In base 5, what is 110 + 10?
120
In base 11, what is 3 + -1374?
-1371
In base 14, what is 718 + 1?
719
In base 3, what is 2 + 11022010?
11022012
In base 12, what is -4 + -310?
-314
In base 2, what is -11000 + -10011?
-101011
In base 3, what is -11201 + -12?
-11220
In base 16, what is -27 + 3?
-24
In base 12, what is -9 + 14?
7
In base 15, what is 16 + -28?
-12
In base 16, what is -12 - -4f?
3d
In base 4, what is -20 - -2003?
1323
In base 11, what is 3145 + 5?
314a
In base 14, what is 17b - 5?
176
In base 7, what is -2 - -126?
124
In base 10, what is 1592 - -1?
1593
In base 5, what is 122 - 11?
111
In base 3, what is 1121 - -1001?
2122
In base 8, what is 12 - -112?
124
In base 11, what is 208 + a?
217
In base 13, what is -88 - -b?
-7a
In base 5, what is -102 + -31?
-133
In base 13, what is -3 + -17b7?
-17ba
In base 2, what is 10 + 101000101?
101000111
In base 13, what is 51 - -3?
54
In base 9, what is -1 - -2283?
2282
In base 2, what is -1001 + -10000?
-11001
In base 16, what is -1 - 43?
-44
In base 10, what is 3 + 292?
295
In base 12, what is -322 - -2?
-320
In base 13, what is -9a9 + 2?
-9a7
In base 5, what is 221404 + 1?
221410
In base 9, what is -2442 - 5?
-2447
In base 7, what is -211 - 44?
-255
In base 12, what is 1371 + -4?
1369
In base 4, what is 123 + -112?
11
In base 4, what is -2 - -21?
13
In base 7, what is -13 + -102?
-115
In base 9, what is 2 - -475?
477
In base 6, what is -3232 - -2?
-3230
In base 13, what is -1 + 46?
45
In base 13, what is -11c + 8?
-114
In base 7, what is 45154 - -1?
45155
In base 9, what is 22 - -38?
61
In base 3, what is -1 - 100210?
-100211
In base 11, what is -365 - -12?
-353
In base 10, what is -81 + -271?
-352
In base 12, what is 7b + -87?
-8
In base 16, what is -2 - -196?
194
In base 7, what is 1552 + 4?
1556
In base 2, what is -100111 - 111?
-101110
In base 3, what is 2 + -11110121?
-11110112
In base 12, what is -2 - -70?
6a
In base 2, what is 0 + 11101?
11101
In base 4, what is 1202 - -11?
1213
In base 12, what is -254 - 2?
-256
In base 10, what is 39 + 28?
67
In base 14, what is 4 - 72a?
-726
In base 5, what is 1423 - 1?
1422
In base 9, what is 13 - 43?
-30
In base 3, what is -21 + 1012020?
1011222
In base 14, what is -33 - -23?
-10
In base 5, what is -10 - 223?
-233
In base 8, what is 22066 - 2?
22064
In base 2, what is 101110 + 11000?
1000110
In base 9, what is -143 - -10?
-133
In base 6, what is 4 + 40?
44
In base 13, what is 1 + 16?
17
In base 12, what is 4 + -b56?
-b52
In base 12, what is -1 - -710?
70b
In base 10, what is -2 - -56?
54
In base 14, what is -1a7 + -14?
-1bb
In base 8, what is 1636 - 0?
1636
In base 10, what is -9 - 3331?
-3340
In base 10, what is -165 + 1?
-164
In base 4, what is 3 - 1120?
-1111
In base 13, what is -5 + -b98?
-ba0
In base 9, what is 282 + 5?
287
In base 9, what is 4 - 14?
-10
In base 8, what is 16 + -261?
-243
In base 16, what is -5db + 3?
-5d8
In base 14, what is -d0 + -5?
-d5
In base 6, what is 253 + 3?
300
In base 15, what is 5 + 65?
6a
In base 4, what is -111 - -2?
-103
In base 2, what is 1000000100 + 10?
1000000110
In base 4, what is 1 - -131?
132
In base 16, what is 191 + -2?
18f
In base 6, what is 3 + 10521?
10524
In base 14, what is -17 + -1?
-18
In base 5, what is -1132 + 10?
-1122
In base 2, what is 1100011 - -100101?
10001000
In base 14, what is -24 - 5?
-29
In base 12, what is 1 - 1a0?
-19b
In base 2, what is 11000111100 - -11?
11000111111
In base 14, what is 13 + -2d?
-1a
In base 12, what is -2 - -44?
42
In base 14, what is -157 + -1?
-158
In base 11, what is -467a - 4?
-4683
In base 13, what is -645b + 5?
-6456
In base 14, what is -4 - 19?
-1d
In base 15, what is 1 + -b8?
-b7
In base 7, what is -2 + 1151?
1146
In base 8, what is 2 + 204?
206
In base 8, what is -10 - 1765?
-1775
In base 6, what is -3 + -450?
-453
In base 4, what is 31 - 22?
3
In base 14, what is -1 + -6b5?
-6b6
In base 14, what is 1 + 252?
253
In base 9, what is -2 - 1350?
-1352
In base 14, what is -44 + -1?
-45
In base 6, what is 3 + -441?
-434
In base 10, what is -110 + 10?
-100
In base 5, what is 0 + -234?
-234
In base 2, what is 10000101101 - 10?
10000101011
In base 8, what is -2 - 271?
-273
In base 14, what is 3 + 9?
c
In base 7, what is 1 + 214?
215
In base 8, what is -67 + 4?
-63
In base 16, what is -6 - 8?
-e
In base 2, what is 10 + -110000?
-101110
In base 12, what is 5 + -17a6?
-17a1
In base 12, what is -5 + a44?
a3b
In base 12, what is -4 + 1827?
1823
In base 14, what is -4 - 1a24?
-1a28
In base 12, what is 1 - -3a1?
3a2
In base 13, what is 8 + -4?
4
In base 3, what is 1 - -10212?
10220
In base 13, what is -17 - 1?
-18
In base 13, what is 18 - -10c6?
1111
In base 15, what is -e - -3?
-b
In base 10, what is 1 - -9?
10
In base 12, what is -103 - -3?
-100
In base 15, what is -5 + 2c?
27
In base 7, what is -121 + -2?
-123
In base 16, what is -c + -1a?
-26
In base 6, what is -12 + 204?
152
In base 15, what is 0 + -14c?
-14c
In base 13, what is -5b + b6?
58
In base 5, what is 13 + -1?
12
In base 10, what is 92 - -7?
99
In base 2, what is 100100010 + -1?
100100001
In base 6, what is 31 - -25?
100
In base 16, what is 8 - -154?
15c
In base 2, what is 11100 - 11001?
11
In base 6, what is -4 - 53?
-101
In base 11, what is 354 + 1?
355
In base 4, what is 1123 + -132?
331
In base 8, what is -17 - -62?
43
In base 15, what is -3 + -3?
-6
In base 3, what is 201120 + -12?
201101
In base 12, what is 2b - 28?
3
In base 8, what is -151 + -2?
-153
In base 6, what is 21 + 225?
250
In base 9, what is -7 + 154?
146
In base 16, what is a7 + 1?
a8
In base 2, what is -10 - -110010?
110000
In base 5, what is 14 - -344?
413
In base 4, what is 201 + 1102?
1303
In base 16, what is -58af + -3?
-58b2
In base 7, what is -124 + 1061?
634
In base 5, what is 3301 + -3?
3243
In base 14, what is -824 + 1?
-823
In base 4, what is -2 - -122?
120
In base 4, what is 11212 + 23?
11301
In base 9, what is -5047 + 5?
-5042
In base 7, what is 0 + 365?
365
In base 5, what is -31213 + 2?
-31211
In base 10, what is -5 + -183?
-188
In base 13, what is b41 - -8?
b49
In base 12, what is -5 + 23?
1a
In base 7, what is 664 - -3?
1000
In base 3, what is -10 + 2022?
2012
In base 8, what is 17 - -6?
25
In base 10, what is -20 + -2?
-22
In base 2, what is 1010100110 - 100?
1010100010
In base 2, what is -111001 - 1001000?
-10000001
In base 4, what is 1212 - -2?
1220
In base 8, what is 5 + -4472?
-4465
In base 15, what is 2c - 3?
29
In base 15, what is 1403 - 2?
1401
In base 11, what is -4 + 355?
351
In base 13, what is 3 + 8b8?
8bb
In base 7, what is -12 + -1220?
-1232
In base 14, what is -4 - -2d?
29
In base 15, what is 2 - -3d?
40
In base 4, what is -3212 + -2?
-3220
In base 4, what is -22 + -323?
-1011
In base 9, what is 15 + 1582?
1607
In base 9, what is 512 + -7?
504
In base 4, what is 0 - 231?
-231
In base 3, what is -11 + -